{"id":15,"date":"2012-09-11T15:41:26","date_gmt":"2012-09-11T13:41:26","guid":{"rendered":"http:\/\/kremstalvolley.com\/\/?page_id=15"},"modified":"2022-11-01T12:52:37","modified_gmt":"2022-11-01T10:52:37","slug":"nachwuchs","status":"publish","type":"page","link":"https:\/\/www.kremstalvolley.com\/?page_id=15","title":{"rendered":"Teams und Trainingszeiten"},"content":{"rendered":"\n<p class=\"has-small-font-size\">Letzt Aktualisierung: 18.09.2022<\/p>\n\n\n\n<p><strong>Bei uns wird NACHWUCHS gro\u00df geschrieben&#8230;<\/strong><\/p>\n\n\n\n<p>Im Bereich Nachwuchs setzen wir unseren Schwerpunkt auf die kontinuierliche Heranf\u00fchrung der Kinder an die Faszination Volleyball vom Kindergartenalter an.<br \/>Unsere verschiedenen Altersgruppen &#8211; &#8222;VolleyballSpa\u00df&#8220; f\u00fcr Volksschulkinder, U13, U14, U15, U16 und U18 &#8211; werden altersgerecht und spielerisch von engagierten und erfahrenen TrainerInnen betreut. Das Hauptaugenmerk legen wir dabei auf den Spa\u00df an der Bewegung und den Umgang mit dem Ball.<\/p>\n\n\n\n<figure class=\"wp-block-image\"><img loading=\"lazy\" decoding=\"async\" width=\"1024\" height=\"576\" src=\"http:\/\/kremstalvolley.com\/wp-content\/uploads\/2013\/2019\/10\/20191022_173149-1024x576.jpg\" alt=\"\" class=\"wp-image-3135\" srcset=\"https:\/\/www.kremstalvolley.com\/wp-content\/uploads\/2013\/2019\/10\/20191022_173149-1024x576.jpg 1024w, https:\/\/www.kremstalvolley.com\/wp-content\/uploads\/2013\/2019\/10\/20191022_173149-300x169.jpg 300w, https:\/\/www.kremstalvolley.com\/wp-content\/uploads\/2013\/2019\/10\/20191022_173149-768x432.jpg 768w\" sizes=\"auto, (max-width: 767px) 89vw, (max-width: 1000px) 54vw, (max-width: 1071px) 543px, 580px\" \/><\/figure>\n\n\n\n<p><strong>Worum gehts?<\/strong><\/p>\n\n\n\n<p>Bei &#8222;BallSpielSpa\u00df&#8220; stehen turnerische Elemente, Ball\u00fcbungen (werfen\/fangen, prellen,&#8230;.), Hindernisparcours und viele Spiele auf dem Programm &#8211; im Vordergrund steht hier die ganzheitliche Aktivierung der Kinder. <br \/>Beim &#8222;VolleyballSpa\u00df&#8220; wird die Aufbauarbeit weitergef\u00fchrt. Der Schwerpunkt liegt hier schon st\u00e4rker in der Vermittlung von richtigen Volleyball-Techniken (Pritschen, Baggern, Service von unten, &#8230;), welche durch viele \u00dcbungen und Spiele erlernt und erlebbar gemacht werden. Diese Kinder starten auch bereits in die ersten Meisterschaften bzw. Turniere.<br \/>Mit der Trainingsgruppe U13 startet die Meisterschaftsteilnahme an den O\u00d6 Nachwuchsmeisterschaften. Hier k\u00f6nnen die Kinder beweisen, was sie bereits gelernt haben. <br \/>Gestartet wird mit 2 gg 2 auf einem 4,5m gro\u00dfen Feld in der U13 Meisterschaft. U14 spielt 3 gg 3 auf 6x6m und U15 4 gg 4 auf 7,5m. <br \/>Ab U16  wird auf dem gro\u00dfen Feld zu sechst gespielt &#8211; wie die gro\u00dfen Vorbilder eben.<\/p>\n\n\n\n<p><strong>Termine Nachwuchstraining Saison 2022\/2023 <\/strong><\/p>\n\n\n\n<p><strong>VOLLEYBALL-SPASS<\/strong> f\u00fcr Kinder von 7 &#8211; 9 Jahren:<br \/>Dienstag von 17.00 bis 18.15 Uhr im Turnsaal im Schulzentrum.<br \/>Trainer: Andreas Lexen &amp; Martin Petschl <\/p>\n\n\n\n<figure class=\"wp-block-image\"><img loading=\"lazy\" decoding=\"async\" width=\"1024\" height=\"680\" src=\"http:\/\/kremstalvolley.com\/wp-content\/uploads\/2013\/2019\/02\/Volleyballspa\u00df-2019-3-1024x680.jpg\" alt=\"\" class=\"wp-image-2616\" srcset=\"https:\/\/www.kremstalvolley.com\/wp-content\/uploads\/2013\/2019\/02\/Volleyballspa\u00df-2019-3-1024x680.jpg 1024w, https:\/\/www.kremstalvolley.com\/wp-content\/uploads\/2013\/2019\/02\/Volleyballspa\u00df-2019-3-300x199.jpg 300w, https:\/\/www.kremstalvolley.com\/wp-content\/uploads\/2013\/2019\/02\/Volleyballspa\u00df-2019-3-768x510.jpg 768w\" sizes=\"auto, (max-width: 767px) 89vw, (max-width: 1000px) 54vw, (max-width: 1071px) 543px, 580px\" \/><figcaption>Die Kids der Volleyball-Spa\u00df Gruppe<\/figcaption><\/figure>\n\n\n\n<p><strong>U14 M\u00e4dchen <\/strong>f\u00fcr Schulkinder; 10 &#8211; 13 Jahre:<br \/>Mittwoch von 17:00 bis 18:30 Uhr in der Turnhalle Schulzentrum.<br \/>Trainer: Ronny K\u00f6ttstorfer <\/p>\n\n\n\n<figure class=\"wp-block-image size-large\"><img loading=\"lazy\" decoding=\"async\" width=\"1024\" height=\"629\" src=\"https:\/\/www.kremstalvolley.com\/wp-content\/uploads\/2013\/2022\/09\/U14w-1-1024x629.jpg\" alt=\"\" class=\"wp-image-4938\" srcset=\"https:\/\/www.kremstalvolley.com\/wp-content\/uploads\/2013\/2022\/09\/U14w-1-1024x629.jpg 1024w, https:\/\/www.kremstalvolley.com\/wp-content\/uploads\/2013\/2022\/09\/U14w-1-300x184.jpg 300w, https:\/\/www.kremstalvolley.com\/wp-content\/uploads\/2013\/2022\/09\/U14w-1-768x472.jpg 768w, https:\/\/www.kremstalvolley.com\/wp-content\/uploads\/2013\/2022\/09\/U14w-1-1536x943.jpg 1536w, https:\/\/www.kremstalvolley.com\/wp-content\/uploads\/2013\/2022\/09\/U14w-1-2048x1257.jpg 2048w\" sizes=\"auto, (max-width: 767px) 89vw, (max-width: 1000px) 54vw, (max-width: 1071px) 543px, 580px\" \/><figcaption>Die U13 M\u00e4dchen<\/figcaption><\/figure>\n\n\n\n<p><strong>U13 Burschen <\/strong>9 &#8211; 12 Jahre:<br \/>Mittwoch von 16:30 bis 18:00 Berufsschule <br \/>Trainer: Barbara &amp; Marco Zielke<\/p>\n\n\n\n<figure class=\"wp-block-image size-full\"><img loading=\"lazy\" decoding=\"async\" width=\"979\" height=\"806\" src=\"https:\/\/www.kremstalvolley.com\/wp-content\/uploads\/2013\/2022\/11\/U13m.jpg\" alt=\"\" class=\"wp-image-4951\" srcset=\"https:\/\/www.kremstalvolley.com\/wp-content\/uploads\/2013\/2022\/11\/U13m.jpg 979w, https:\/\/www.kremstalvolley.com\/wp-content\/uploads\/2013\/2022\/11\/U13m-300x247.jpg 300w, https:\/\/www.kremstalvolley.com\/wp-content\/uploads\/2013\/2022\/11\/U13m-768x632.jpg 768w\" sizes=\"auto, (max-width: 767px) 89vw, (max-width: 1000px) 54vw, (max-width: 1071px) 543px, 580px\" \/><figcaption>Die U13 Burschen<\/figcaption><\/figure>\n\n\n\n<p><strong>U15 &amp; U16 M\u00e4dchen <\/strong>13 &#8211; 15 Jahre<br \/>Montag 17:00 &#8211; 18:30 Bezirkssporthalle<br \/>Freitag   17:00 &#8211; 19:00 Berufsschule<br \/>Trainer\/Innen: Timo, Rainer und Claudia Zwicklhuber<\/p>\n\n\n\n<figure class=\"wp-block-image size-large\"><img loading=\"lazy\" decoding=\"async\" width=\"1024\" height=\"590\" src=\"https:\/\/www.kremstalvolley.com\/wp-content\/uploads\/2013\/2022\/09\/U16w-1024x590.jpg\" alt=\"\" class=\"wp-image-4939\" srcset=\"https:\/\/www.kremstalvolley.com\/wp-content\/uploads\/2013\/2022\/09\/U16w-1024x590.jpg 1024w, https:\/\/www.kremstalvolley.com\/wp-content\/uploads\/2013\/2022\/09\/U16w-300x173.jpg 300w, https:\/\/www.kremstalvolley.com\/wp-content\/uploads\/2013\/2022\/09\/U16w-768x443.jpg 768w, https:\/\/www.kremstalvolley.com\/wp-content\/uploads\/2013\/2022\/09\/U16w-1536x885.jpg 1536w, https:\/\/www.kremstalvolley.com\/wp-content\/uploads\/2013\/2022\/09\/U16w-2048x1180.jpg 2048w\" sizes=\"auto, (max-width: 767px) 89vw, (max-width: 1000px) 54vw, (max-width: 1071px) 543px, 580px\" \/><figcaption>U15 M\u00e4dchen<\/figcaption><\/figure>\n\n\n\n<p><br \/><strong>U14 &amp; U15<\/strong> <strong>Burschen<\/strong> 12 &#8211; 14 Jahre<br \/>Mi. 17:30 &#8211; 19:00 Turnhalle Gymnasium<br \/>Mo. 17:30 &#8211; 19:00  Turnhalle Gymnasium <br \/>Trainer:  Fabian H\u00e4ubl, Oliver Lugmayr &amp; Thomas H\u00e4ubl<\/p>\n\n\n\n<figure class=\"wp-block-image size-large\"><img loading=\"lazy\" decoding=\"async\" width=\"1024\" height=\"576\" src=\"https:\/\/www.kremstalvolley.com\/wp-content\/uploads\/2013\/2021\/10\/20210922_175704-1024x576.jpg\" alt=\"\" class=\"wp-image-4551\" srcset=\"https:\/\/www.kremstalvolley.com\/wp-content\/uploads\/2013\/2021\/10\/20210922_175704-1024x576.jpg 1024w, https:\/\/www.kremstalvolley.com\/wp-content\/uploads\/2013\/2021\/10\/20210922_175704-300x169.jpg 300w, https:\/\/www.kremstalvolley.com\/wp-content\/uploads\/2013\/2021\/10\/20210922_175704-768x432.jpg 768w, https:\/\/www.kremstalvolley.com\/wp-content\/uploads\/2013\/2021\/10\/20210922_175704-1536x864.jpg 1536w, https:\/\/www.kremstalvolley.com\/wp-content\/uploads\/2013\/2021\/10\/20210922_175704-2048x1152.jpg 2048w\" sizes=\"auto, (max-width: 767px) 89vw, (max-width: 1000px) 54vw, (max-width: 1071px) 543px, 580px\" \/><figcaption>U 15 Burschen<\/figcaption><\/figure>\n\n\n\n<p><strong>U18 M\u00e4dchen &amp; Damen <\/strong>ab 15 Jahren<br \/>Montag 18:30 &#8211; 20:00 Bezirkssporthalle <br \/>Freitag 18:30 &#8211; 20:00 Bezirkssporthalle<br \/>Trainer: Stefan Amatschek &amp; Gerhard Bruckner<\/p>\n\n\n\n<p><strong>Mixed<\/strong><br \/>Das neu formierte Mixed Team startet in die erste Saison. Es besteht aus Mitgliedern der Herren- und Damenmannschaft plus ein paar Quereinsteigern. Wir w\u00fcnschen der jungen Truppe alles Gute in der Meisterschaft!<\/p>\n\n\n\n<figure class=\"wp-block-image size-large\"><img loading=\"lazy\" decoding=\"async\" width=\"1024\" height=\"696\" src=\"https:\/\/www.kremstalvolley.com\/wp-content\/uploads\/2013\/2022\/09\/Damen-1024x696.jpg\" alt=\"\" class=\"wp-image-4944\" srcset=\"https:\/\/www.kremstalvolley.com\/wp-content\/uploads\/2013\/2022\/09\/Damen-1024x696.jpg 1024w, https:\/\/www.kremstalvolley.com\/wp-content\/uploads\/2013\/2022\/09\/Damen-300x204.jpg 300w, https:\/\/www.kremstalvolley.com\/wp-content\/uploads\/2013\/2022\/09\/Damen-768x522.jpg 768w, https:\/\/www.kremstalvolley.com\/wp-content\/uploads\/2013\/2022\/09\/Damen-1536x1043.jpg 1536w, https:\/\/www.kremstalvolley.com\/wp-content\/uploads\/2013\/2022\/09\/Damen-2048x1391.jpg 2048w\" sizes=\"auto, (max-width: 767px) 89vw, (max-width: 1000px) 54vw, (max-width: 1071px) 543px, 580px\" \/><figcaption>Damen und Mixed im Training<\/figcaption><\/figure>\n\n\n\n<p><strong>Interesse an einem Schnuppertraining? Dann melde dich mit Namen, Tel. und Alter unter: Kontakt@Kremstalvolley.com<\/strong><\/p>\n\n\n\n<p>Alle sind nat\u00fcrlich auch herzlich eingeladen, am Freitag beim Hobbytraining teilzunehmen. um 19:15h in der Berufsschulhalle. <\/p>\n","protected":false},"excerpt":{"rendered":"<p>Letzt Aktualisierung: 18.09.2022 Bei uns wird NACHWUCHS gro\u00df geschrieben&#8230; Im Bereich Nachwuchs setzen wir unseren Schwerpunkt auf die kontinuierliche Heranf\u00fchrung der Kinder an die Faszination Volleyball vom Kindergartenalter an.Unsere verschiedenen Altersgruppen &#8211; &#8222;VolleyballSpa\u00df&#8220; f\u00fcr Volksschulkinder, U13, U14, U15, U16 und U18 &#8211; werden altersgerecht und spielerisch von engagierten und erfahrenen TrainerInnen betreut. Das Hauptaugenmerk legen &hellip; <\/p>\n<p class=\"link-more\"><a href=\"https:\/\/www.kremstalvolley.com\/?page_id=15\" class=\"more-link\"><span class=\"screen-reader-text\">\u201eTeams und Trainingszeiten\u201c <\/span>weiterlesen<\/a><\/p>\n","protected":false},"author":1,"featured_media":0,"parent":0,"menu_order":0,"comment_status":"closed","ping_status":"open","template":"","meta":{"ngg_post_thumbnail":0,"footnotes":""},"class_list":["post-15","page","type-page","status-publish","hentry"],"_links":{"self":[{"href":"https:\/\/www.kremstalvolley.com\/index.php?rest_route=\/wp\/v2\/pages\/15","targetHints":{"allow":["GET"]}}],"collection":[{"href":"https:\/\/www.kremstalvolley.com\/index.php?rest_route=\/wp\/v2\/pages"}],"about":[{"href":"https:\/\/www.kremstalvolley.com\/index.php?rest_route=\/wp\/v2\/types\/page"}],"author":[{"embeddable":true,"href":"https:\/\/www.kremstalvolley.com\/index.php?rest_route=\/wp\/v2\/users\/1"}],"replies":[{"embeddable":true,"href":"https:\/\/www.kremstalvolley.com\/index.php?rest_route=%2Fwp%2Fv2%2Fcomments&post=15"}],"version-history":[{"count":44,"href":"https:\/\/www.kremstalvolley.com\/index.php?rest_route=\/wp\/v2\/pages\/15\/revisions"}],"predecessor-version":[{"id":4952,"href":"https:\/\/www.kremstalvolley.com\/index.php?rest_route=\/wp\/v2\/pages\/15\/revisions\/4952"}],"wp:attachment":[{"href":"https:\/\/www.kremstalvolley.com\/index.php?rest_route=%2Fwp%2Fv2%2Fmedia&parent=15"}],"curies":[{"name":"wp","href":"https:\/\/api.w.org\/{rel}","templated":true}]}}