{"id":19,"date":"2012-09-11T15:40:25","date_gmt":"2012-09-11T13:40:25","guid":{"rendered":"http:\/\/kremstalvolley.com\/\/?page_id=19"},"modified":"2015-09-27T21:23:32","modified_gmt":"2015-09-27T19:23:32","slug":"vereinsgeschichte","status":"publish","type":"page","link":"https:\/\/www.kremstalvolley.com\/?page_id=19","title":{"rendered":"Vereinsgeschichte"},"content":{"rendered":"<h1>Unser Verein ist eigentlich kein Verein im herk\u00f6mmlichen Sinne.<\/h1>\n<p>Wir sind eine von vielen Sektionen des TuS Kremsm\u00fcnster.<\/p>\n<p>Die Gr\u00fcndung der Sektion liegt bereits viele Jahre zur\u00fcck. 1986 erfolgte die Aufnahme der neuen Sektion in den TuS.<\/p>\n<p>Nach einigen Jahren Mixed-Meisterschaft, wurde im Jahre 1994 mit den Damen und Herren getrennt mit dem Meisterschaftsbetrieb begonnen.<\/p>\n<p>Die Damen konnten sich in den folgenden Jahren bis in die erste Landesliga vorarbeiten. Bei den Herren wurde 2002 der Aufstieg in die 2.BL West geschafft. Unter Trainerin Lydia Trauner wurde ein Traum wahr.<\/p>\n<p><a href=\"http:\/\/kremstalvolley.com\/?attachment_id=919\" rel=\"attachment wp-att-919\"><img loading=\"lazy\" decoding=\"async\" class=\"alignnone size-medium wp-image-919\" title=\"Bundesligamannschaft\" src=\"http:\/\/kremstalvolley.com\/wp-content\/uploads\/2013\/2012\/09\/Bundesligamannschafft-300x210.jpg\" alt=\"\" width=\"300\" height=\"210\" srcset=\"https:\/\/www.kremstalvolley.com\/wp-content\/uploads\/2013\/2012\/09\/Bundesligamannschafft-300x210.jpg 300w, https:\/\/www.kremstalvolley.com\/wp-content\/uploads\/2013\/2012\/09\/Bundesligamannschafft-1024x718.jpg 1024w, https:\/\/www.kremstalvolley.com\/wp-content\/uploads\/2013\/2012\/09\/Bundesligamannschafft-427x300.jpg 427w, https:\/\/www.kremstalvolley.com\/wp-content\/uploads\/2013\/2012\/09\/Bundesligamannschafft.jpg 1632w\" sizes=\"auto, (max-width: 300px) 100vw, 300px\" \/><\/a><\/p>\n<p>Bis 2008 wurde der Bundesligaplatz beibehalten. Einmal durften die Kremstalvolleys um den Aufstieg in die erste Bundesliga k\u00e4mpfen.<\/p>\n<p>Seit 2009 spielen wir konstant in der ersten O\u00d6 Landesliga.<\/p>\n","protected":false},"excerpt":{"rendered":"<p>Unser Verein ist eigentlich kein Verein im herk\u00f6mmlichen Sinne. Wir sind eine von vielen Sektionen des TuS Kremsm\u00fcnster. Die Gr\u00fcndung der Sektion liegt bereits viele Jahre zur\u00fcck. 1986 erfolgte die Aufnahme der neuen Sektion in den TuS. Nach einigen Jahren Mixed-Meisterschaft, wurde im Jahre 1994 mit den Damen und Herren getrennt mit dem Meisterschaftsbetrieb begonnen. &hellip; <\/p>\n<p class=\"link-more\"><a href=\"https:\/\/www.kremstalvolley.com\/?page_id=19\" class=\"more-link\"><span class=\"screen-reader-text\">\u201eVereinsgeschichte\u201c <\/span>weiterlesen<\/a><\/p>\n","protected":false},"author":1,"featured_media":0,"parent":0,"menu_order":2,"comment_status":"closed","ping_status":"closed","template":"","meta":{"ngg_post_thumbnail":0,"footnotes":""},"class_list":["post-19","page","type-page","status-publish","hentry"],"_links":{"self":[{"href":"https:\/\/www.kremstalvolley.com\/index.php?rest_route=\/wp\/v2\/pages\/19","targetHints":{"allow":["GET"]}}],"collection":[{"href":"https:\/\/www.kremstalvolley.com\/index.php?rest_route=\/wp\/v2\/pages"}],"about":[{"href":"https:\/\/www.kremstalvolley.com\/index.php?rest_route=\/wp\/v2\/types\/page"}],"author":[{"embeddable":true,"href":"https:\/\/www.kremstalvolley.com\/index.php?rest_route=\/wp\/v2\/users\/1"}],"replies":[{"embeddable":true,"href":"https:\/\/www.kremstalvolley.com\/index.php?rest_route=%2Fwp%2Fv2%2Fcomments&post=19"}],"version-history":[{"count":30,"href":"https:\/\/www.kremstalvolley.com\/index.php?rest_route=\/wp\/v2\/pages\/19\/revisions"}],"predecessor-version":[{"id":301,"href":"https:\/\/www.kremstalvolley.com\/index.php?rest_route=\/wp\/v2\/pages\/19\/revisions\/301"}],"wp:attachment":[{"href":"https:\/\/www.kremstalvolley.com\/index.php?rest_route=%2Fwp%2Fv2%2Fmedia&parent=19"}],"curies":[{"name":"wp","href":"https:\/\/api.w.org\/{rel}","templated":true}]}}