{"id":70,"date":"2012-09-12T20:44:17","date_gmt":"2012-09-12T18:44:17","guid":{"rendered":"http:\/\/kremstalvolley.com\/\/?page_id=70"},"modified":"2022-09-18T13:03:20","modified_gmt":"2022-09-18T11:03:20","slug":"kader-20122013","status":"publish","type":"page","link":"https:\/\/www.kremstalvolley.com\/?page_id=70","title":{"rendered":"Mannschaften der allgemeinen Klasse"},"content":{"rendered":"\n<h2 class=\"wp-block-heading\">Damen<\/h2>\n\n\n\n<p>Seit 2021 spielen wir bei den Damen wieder in der allgemeinen Klasse mit. Das Damenteam setzt sie aus den Spielerinnen zusammen, die dem Nachwuchsalter entwachsen sind und nun gemeinsam bei den Damen in der 3. Landesliga antreten.<\/p>\n\n\n\n<figure class=\"wp-block-image size-large\"><img loading=\"lazy\" decoding=\"async\" width=\"1024\" height=\"576\" src=\"https:\/\/www.kremstalvolley.com\/wp-content\/uploads\/2013\/2021\/10\/20210922_184355-1-1024x576.jpg\" alt=\"\" class=\"wp-image-4556\" srcset=\"https:\/\/www.kremstalvolley.com\/wp-content\/uploads\/2013\/2021\/10\/20210922_184355-1-1024x576.jpg 1024w, https:\/\/www.kremstalvolley.com\/wp-content\/uploads\/2013\/2021\/10\/20210922_184355-1-300x169.jpg 300w, https:\/\/www.kremstalvolley.com\/wp-content\/uploads\/2013\/2021\/10\/20210922_184355-1-768x432.jpg 768w, https:\/\/www.kremstalvolley.com\/wp-content\/uploads\/2013\/2021\/10\/20210922_184355-1-1536x864.jpg 1536w, https:\/\/www.kremstalvolley.com\/wp-content\/uploads\/2013\/2021\/10\/20210922_184355-1-2048x1152.jpg 2048w\" sizes=\"auto, (max-width: 767px) 89vw, (max-width: 1000px) 54vw, (max-width: 1071px) 543px, 580px\" \/><figcaption>Das neu formierte Damenteam <\/figcaption><\/figure>\n\n\n\n<h2 class=\"wp-block-heading\">Herren<\/h2>\n\n\n\n<p><\/p>\n\n\n\n<p>Die Saison 2022 startet in K\u00fcrze. Die Mannschaft steht dabei vor gr\u00f6\u00dferen \u00c4nderungen: Mit Toby Ranneth und Timo Zwicklhuber verlieren wir gleich 2 St\u00fctzen des Teams. Toby wechselt in die 2. Bundesliga und Timo wird ein Studium starten. Die L\u00fccken schlie\u00dfen wir mit dem Routinier Jakob Friedrich und einem Nachwuchsspieler: Elias Haller.<\/p>\n\n\n\n<p>Die Spieler in der \u00dcbersicht:<\/p>\n\n\n\n<ul class=\"wp-block-list\"><li>Christian Baumgartner: Diagonal, Kapit\u00e4n<\/li><li>Stefan Amatschek: Au\u00dfenangriff, Universal<\/li><li>Jakob Friedrich: Au\u00dfenangriff<\/li><li>Elias Haller: Au\u00dfenangriff<\/li><li>Alex Hundstorfer: Aufspiel<\/li><li>Fabian H\u00e4ubl: Mittelangriff<\/li><li>Ronald K\u00f6ttsdorfer: Mittelangriff<\/li><li>Karl Badegruber: Mittelangriff<\/li><li>Manuel Hundstorfer: Libero<\/li><li>Trainer: Markus Steinmaurer<\/li><\/ul>\n\n\n\n<p><\/p>\n","protected":false},"excerpt":{"rendered":"<p>Damen Seit 2021 spielen wir bei den Damen wieder in der allgemeinen Klasse mit. Das Damenteam setzt sie aus den Spielerinnen zusammen, die dem Nachwuchsalter entwachsen sind und nun gemeinsam bei den Damen in der 3. Landesliga antreten. Herren Die Saison 2022 startet in K\u00fcrze. Die Mannschaft steht dabei vor gr\u00f6\u00dferen \u00c4nderungen: Mit Toby Ranneth &hellip; <\/p>\n<p class=\"link-more\"><a href=\"https:\/\/www.kremstalvolley.com\/?page_id=70\" class=\"more-link\"><span class=\"screen-reader-text\">\u201eMannschaften der allgemeinen Klasse\u201c <\/span>weiterlesen<\/a><\/p>\n","protected":false},"author":1,"featured_media":0,"parent":43,"menu_order":1,"comment_status":"closed","ping_status":"open","template":"","meta":{"ngg_post_thumbnail":0,"footnotes":""},"class_list":["post-70","page","type-page","status-publish","hentry"],"_links":{"self":[{"href":"https:\/\/www.kremstalvolley.com\/index.php?rest_route=\/wp\/v2\/pages\/70","targetHints":{"allow":["GET"]}}],"collection":[{"href":"https:\/\/www.kremstalvolley.com\/index.php?rest_route=\/wp\/v2\/pages"}],"about":[{"href":"https:\/\/www.kremstalvolley.com\/index.php?rest_route=\/wp\/v2\/types\/page"}],"author":[{"embeddable":true,"href":"https:\/\/www.kremstalvolley.com\/index.php?rest_route=\/wp\/v2\/users\/1"}],"replies":[{"embeddable":true,"href":"https:\/\/www.kremstalvolley.com\/index.php?rest_route=%2Fwp%2Fv2%2Fcomments&post=70"}],"version-history":[{"count":299,"href":"https:\/\/www.kremstalvolley.com\/index.php?rest_route=\/wp\/v2\/pages\/70\/revisions"}],"predecessor-version":[{"id":4942,"href":"https:\/\/www.kremstalvolley.com\/index.php?rest_route=\/wp\/v2\/pages\/70\/revisions\/4942"}],"up":[{"embeddable":true,"href":"https:\/\/www.kremstalvolley.com\/index.php?rest_route=\/wp\/v2\/pages\/43"}],"wp:attachment":[{"href":"https:\/\/www.kremstalvolley.com\/index.php?rest_route=%2Fwp%2Fv2%2Fmedia&parent=70"}],"curies":[{"name":"wp","href":"https:\/\/api.w.org\/{rel}","templated":true}]}}